{"id":30,"date":"2020-05-13T20:09:20","date_gmt":"2020-05-13T20:09:20","guid":{"rendered":"http:\/\/daniel-schulz.org\/?page_id=30"},"modified":"2023-03-17T21:37:40","modified_gmt":"2023-03-17T20:37:40","slug":"arbeiten-2","status":"publish","type":"page","link":"https:\/\/daniel-schulz.org\/?page_id=30","title":{"rendered":"Leistungen"},"content":{"rendered":"\n<p>Ich sehe mich als Medienk\u00fcnstler, Mediengestalter und -Techniker.<\/p>\n\n\n\n<p>Meine Arbeitsfelder als Mediengestalter und Medientechniker sind vielf\u00e4ltig und umfassen unter Anderem die Konzeption, Produktion und Postproduktion von Sound- und Videoarbeiten, sowohl im Rahmen einer Anstellung am Tonstudio der Hochschule f\u00fcr Musik FRANZ LISZT in Weimar oder als Teil des Kollektivs ephemer.art sowie freiberuflich.<\/p>\n\n\n\n<p>Im <a href=\"https:\/\/www.hfm-weimar.de\/studieren\/campus\/tonstudio\">Tonstudio<\/a> arbeite ich unter Anderem an <a href=\"http:\/\/youtube.com\/hfmfranzlisztweimar\" data-type=\"URL\" data-id=\"youtube.com\/hfmfranzlisztweimar\">Musikvideo-Produktionen<\/a> als Producer, Kameramann, Editor und Colorist, auch technische Weiterentwicklungen des Studios im Audio- und Videobereich spielen eine Rolle. Zus\u00e4tzlich leite ich als fester und freier Hochschuldozent regelm\u00e4ssig Workshops und Veranstaltungen an der Schnittstelle zwischen Kunst und Technik.<\/p>\n\n\n\n<p>Als Teil des Medienkunst-Kollektivs <a href=\"http:\/\/ephemer.art\" data-type=\"URL\" data-id=\"ephemer.art\">ephemer.art<\/a> realisiere ich gemeinsam mit K\u00fcnstler*Innen, Kurator*Innen und Institutionen medienk\u00fcnstlerische Arbeiten aller Art, von Klanginstallationen \u00fcber Videokunst bis hin zu Live-Performances. Unsere Leistungen schlie\u00dfen die Beratung, Konzeption sowie den konkreten Aufbau, Abbau und die regelm\u00e4ssige Wartung k\u00fcnstlerischer Arbeiten oder ganzer Ausstellungen ein.<\/p>\n\n\n\n<p>Als Freiberufler setze ich meine Erfahrung in all diesen Bereichen f\u00fcr verschiedene Projekte ein, beispielsweise f\u00fcr die technische Konzeption von AV-Studios, Produktion von k\u00fcnstlerischen Videos oder als art handler f\u00fcr Medienk\u00fcnstler*Innen wie <a href=\"https:\/\/www.billviola.com\">Bill Viola<\/a>.<\/p>\n\n\n\n<p>Meine <a href=\"https:\/\/soundcloud.com\/lemond\">k\u00fcnstlerischen Arbeiten<\/a> umfassen mehrkanalige Klanginstallationen, elektroakustische Kompositionen, Live-Elektronik und Video-Mapping f\u00fcr Schauspielproduktionen. Ein besonderer Fokus meiner Arbeiten liegt in der Auseinandersetzung mit und der Manipulation von Raum.<\/p>\n","protected":false},"excerpt":{"rendered":"<p>Ich sehe mich als Medienk\u00fcnstler, Mediengestalter und -Techniker. Meine Arbeitsfelder als Mediengestalter und Medientechniker sind vielf\u00e4ltig und umfassen unter Anderem die Konzeption, Produktion und Postproduktion von Sound- und Videoarbeiten, sowohl im Rahmen einer Anstellung am Tonstudio der Hochschule f\u00fcr Musik FRANZ LISZT in Weimar oder als Teil des Kollektivs ephemer.art sowie freiberuflich. Im Tonstudio arbeite [&hellip;]<\/p>\n","protected":false},"author":1,"featured_media":0,"parent":0,"menu_order":0,"comment_status":"closed","ping_status":"closed","template":"","meta":{"footnotes":""},"class_list":["post-30","page","type-page","status-publish","hentry"],"_links":{"self":[{"href":"https:\/\/daniel-schulz.org\/index.php?rest_route=\/wp\/v2\/pages\/30","targetHints":{"allow":["GET"]}}],"collection":[{"href":"https:\/\/daniel-schulz.org\/index.php?rest_route=\/wp\/v2\/pages"}],"about":[{"href":"https:\/\/daniel-schulz.org\/index.php?rest_route=\/wp\/v2\/types\/page"}],"author":[{"embeddable":true,"href":"https:\/\/daniel-schulz.org\/index.php?rest_route=\/wp\/v2\/users\/1"}],"replies":[{"embeddable":true,"href":"https:\/\/daniel-schulz.org\/index.php?rest_route=%2Fwp%2Fv2%2Fcomments&post=30"}],"version-history":[{"count":4,"href":"https:\/\/daniel-schulz.org\/index.php?rest_route=\/wp\/v2\/pages\/30\/revisions"}],"predecessor-version":[{"id":85,"href":"https:\/\/daniel-schulz.org\/index.php?rest_route=\/wp\/v2\/pages\/30\/revisions\/85"}],"wp:attachment":[{"href":"https:\/\/daniel-schulz.org\/index.php?rest_route=%2Fwp%2Fv2%2Fmedia&parent=30"}],"curies":[{"name":"wp","href":"https:\/\/api.w.org\/{rel}","templated":true}]}}